. Let m be i(10). Is (-159104)/(-40) + (-3)/m composite?
True
Suppose 2*b + o - 2944 - 657 = 0, -4*b + 7182 = -2*o. Suppose 0 = u + u - b. Suppose -s + 4*k = -0*k - u, 0 = -s - k + 909. Is s a prime number?
True
Suppose -9*c - 4831 - 15590 = 0. Let r = c + 3728. Is r prime?
True
Let o = 143 + -63. Let n(r) = 4 - o*r + 14 + 10*r. Is n(-4) a prime number?
False
Suppose 3*l = 3*u - 1761, -4*u - 5*l - 633 + 3035 = 0. Is u a prime number?
True
Suppose 5978486 = 117*j - 85083433. Is j a prime number?
True
Let k(v) = -v**2 - 25*v + 29. Suppose 3*s - 12 = -m, 2*s = -4*m - m + 8. Suppose m = l + 3 + 10. Is k(l) prime?
False
Let s(d) = 911*d**3 + 15*d**2 - 76*d - 25. Is s(5) composite?
True
Let v = 8746 - 4420. Suppose 7*p = -1155 + v. Is p prime?
False
Suppose 18*g - 44*g + 639600 = 0. Suppose -115862 - g = -14*n. Is n composite?
True
Suppose 5*l = -5*m + 16725, -6*l + 5*l + 3*m = -3337. Suppose 6*y = -517 + l. Is y prime?
False
Suppose -20*r - 3*c + 749 = -18*r, 5*r - 1876 = -4*c. Suppose -378*x = -r*x - 134. Is x prime?
True
Suppose 85*u - 86*u - 2*o = -119021, 5*u = -5*o + 595110. Is u prime?
False
Let g be 192/(-7)*((-22 - -3) + -2). Let n = g + 743. Is n a composite number?
False
Let b be (-4)/8 + (-1100)/40. Is -7 + b/(-4) + 3353 a composite number?
True
Suppose -18 + 22 = -4*s. Let g(v) = -281*v**3 - 2*v - 2. Let l be g(s). Suppose -l = -6*m + 49. Is m a prime number?
False
Let n be (-2 + 6)*(-2)/(-4). Suppose n*s = 3*s - 134. Suppose 4*r + s - 1566 = 0. Is r composite?
True
Suppose 9*v = -13*v + 96470. Is v composite?
True
Suppose -144*w + 159*w = 1575435. Is w composite?
True
Let b = 4065 + 2428. Is b a prime number?
False
Let m(s) = 394*s**2 - 8. Let x be m(-4). Suppose 2*o - 3*l = x - 2139, -4*o = 4*l - 8264. Is o prime?
False
Let k be -4 - ((-4 - 1) + -317426). Suppose k = 34*x - 293111. Is x a prime number?
True
Let k = 29 + -24. Suppose -4*j + 5*y = -19266, k*y - 9648 = -2*j - 0*y. Suppose -3*l - j = -6*g + 4*g, 2*g - 4825 = -3*l. Is g a prime number?
True
Is -14 + 9 + 46011 - (11 + 0) a prime number?
False
Let p = -620 - 29. Suppose -5*y + 3*v = 45, 18 = -2*y - 2*v + 4*v. Is p*-3*(-3)/y composite?
True
Let l(p) be the third derivative of p**5/20 - 11*p**4/8 + p**3/2 - 35*p**2. Let a be l(11). Let t(r) = 29*r**2 + 4*r - 8. Is t(a) a prime number?
False
Let h(u) be the first derivative of -21*u**4/2 + 5*u**3/3 + 7*u**2/2 + 9*u - 4. Is h(-4) composite?
False
Let c be 8 + (-3)/(-3) - -3. Let r = -10 + c. Suppose r = -2*v, -5*w + 624 = -5*v - 1336. Is w composite?
True
Let k be 3060/50*2/4*5. Suppose 5*g - k = 167. Suppose 62*d + 382 = g*d. Is d a composite number?
False
Let h = -3183 + 1891. Let q = h - -9439. Is q composite?
False
Let u be 20*((-24582)/(-5) + 8/2). Suppose 21200 = -24*k + u. Is k a prime number?
True
Let p be 40/(-12)*72/(-60). Suppose -2*a = -p*m - 46358, 0 = -8*m + 7*m + 2. Is a prime?
False
Let n(z) = -3*z**3 - 17*z**2 + 11*z + 35. Let j be n(-6). Suppose 4*q + 35305 = j*h, 10*q = 4*h + 14*q - 28244. Is h a prime number?
False
Let w be (-1176)/48*1792/(-49). Suppose 5*h - 7 = 38. Suppose -h*t + 16645 = -w. Is t a prime number?
True
Let n = -436 + 439. Is 2 + 16323 + 18/n a prime number?
False
Let l = -13106 + 21464. Suppose -12751 - l = -11*a. Is a prime?
False
Let g = -71945 - -141466. Is g a composite number?
True
Let s(q) = 3 - 10*q**2 - 6 - 18*q - 1 + q**3 - 5. Let a be (412/20 - 0) + 15/(-25). Is s(a) a prime number?
True
Let w(g) = 37*g**2 - 2*g + 2. Suppose x + 1 = -3*d + 4, -1 = -d - x. Let v be w(d). Suppose -100 = -v*n + 33*n. Is n composite?
True
Is (85/(-60) - (-3)/4)/(20/(-1780530)) a composite number?
False
Let r be (-6 - 752/(-10))*-20. Let z = 7931 + r. Is z composite?
False
Let s = 561311 + -252678. Is s composite?
True
Let s(w) = 9*w**3 - 17*w - 16*w + 14*w + 6 + 25. Is s(8) composite?
True
Suppose -322058 = 12*o - 23*o. Suppose o = 4*v - w - 14826, 0 = 3*v - 3*w - 33069. Is v prime?
True
Let f(u) be the third derivative of -23*u**5/24 - 19*u**4/8 + u**3/2 + 15*u**2. Let n(c) be the first derivative of f(c). Is n(-6) composite?
True
Let m = 119 + -35. Suppose m = -8*b + 6108. Is b prime?
False
Let s = -147257 + 516354. Is s composite?
False
Let w(g) = 1027*g**3 - 29*g + 33. Is w(5) prime?
False
Let z = -88310 - -45142. Is z/(-2) - (-3 + 10) composite?
False
Let a = -809 - -3556. Is a prime?
False
Suppose 28*y - 5407905 = 6*y + 7*y. Is y a prime number?
False
Let s be (27/18)/((-1)/(-2)). Let p(n) = 97*n**2 - n - 7. Is p(s) a prime number?
True
Suppose 4*u - 10*u = 5976. Let q = 427 + u. Let g = -50 - q. Is g a prime number?
False
Let w(y) = y**2 - 1. Let v be w(-2). Suppose 4*x - 196471 = -x + 3*o, -3*x = v*o - 117873. Is x a composite number?
False
Suppose -9*i = -136284 - 196617. Is i a composite number?
True
Let z = -1106864 + 1823395. Is z composite?
False
Let m be ((-15)/12)/(1/(-8536)). Let f = m + -5401. Is f composite?
True
Let j be 2 + 1 - (-3 + 11 + -5). Suppose c - 3782 = -4*p + 5075, j = 3*c - p - 26571. Is c prime?
False
Let y(a) be the second derivative of a**5/20 - 5*a**4/4 - 7*a**3/2 - 42*a**2 - 2*a - 15. Is y(19) a prime number?
False
Let z = 193170 - 94062. Let x = z - 43801. Is x a composite number?
True
Let g(q) be the first derivative of 133*q**4/4 + q**3/3 - 3*q**2/2 - q + 32. Is g(2) prime?
True
Let w(t) = -12*t**3 - 6*t**2 - 3*t - 4. Let d be w(-7). Suppose -4*x = 4*l - 2401 - d, 3*l - 3 = 0. Is x composite?
False
Let r be 2*(0 + (-5)/(-40))*-4. Is (r - 196)*(-7 - 22) composite?
True
Suppose 91683 = 5*i + 21938 - 13610. Is i prime?
False
Suppose -3*r - 3*y + 78931 = -5*y, 16 = -8*y. Is r a prime number?
True
Suppose -4*j = -4*c + 3*c + 56549, 2*c - 3*j - 113123 = 0. Is c a prime number?
True
Let n be ((-402)/(-66) + -6)*11. Is 25 - n - (-9 - -8) a composite number?
True
Suppose 0 = -5*f + 3*t + 5568, -3*t - 5589 = -4*f - 1137. Let m = f + 5831. Is m a composite number?
False
Let f(i) = -3*i**2 + 30*i + 2. Let l be f(10). Suppose -2*m + 23599 + 12783 = 4*p, -m = -l*p - 18207. Is m a composite number?
False
Let i(y) be the third derivative of 47*y**5/3 + y**4/24 + y**3/3 + 2*y**2 - 47*y. Is i(3) a prime number?
False
Suppose 2*a - 230585 = -r, -84*a - 691761 = -3*r - 89*a. Is r composite?
False
Let a = -14010 + 21532. Is a a composite number?
True
Let y = -336 + 342. Suppose -5*w - 4*v + 98155 = 0, -5*w - 19631 = -y*w - 5*v. Is w a prime number?
False
Let p(x) = x. Let q be 2 + ((-25)/5)/(-1). Let z be p(q). Suppose z*a - 2*a = 1595. Is a composite?
True
Suppose -167*a + 82*a + 75*a = -1182730. Is a a prime number?
True
Let o(h) = h**3 + 8*h**2 - 2*h + 16. Let w be o(6). Suppose 3*y = 4*t - 34, 0*t = -y - 4*t - 22. Is (w/y)/((-1)/7) prime?
False
Let k(n) = -2*n - 6. Let z be k(2). Let a be (-22)/z + 3/(-15). Suppose 0 = -a*p + s + 1960, -3*p + 2935 = -2*s + 3*s. Is p a prime number?
False
Let c(y) = 2*y**2 - y - 1. Let t be c(-1). Let f be 7*(799 - (3 + (-5 - t))). Suppose -x + 8*x = f. Is x prime?
False
Let x(q) = 80*q**3 - 7*q**2 + 77*q + 1085. Is x(27) prime?
False
Let p be (-1)/9 + (-1050)/270. Is (1905/(-6))/(p/8) a composite number?
True
Let c = -87498 - -132499. Suppose 0 = 4*d - 5*u - c, 2*u = 2*d + 3*u - 22497. Is d a prime number?
False
Let i be 54/12*18/1. Let h = 83 - i. Suppose 5*l - 8833 = 4*b, 0 = -3*l - h*b - 2*b + 5319. Is l composite?
True
Suppose 2*j + 1210928 = 2*k, -5*k - 220*j = -223*j - 3027326. Is k a prime number?
False
Suppose 0 = -170*z + 181*z - 66. Suppose -z = 3*b, -b + 2*b - 7890 = -4*i. Is i composite?
False
Let r(z) = z**3 + 2*z**2 + z + 1177. Let t = 48 - 46. Let y be 0/t*(-15)/(-30). Is r(y) prime?
False
Is 169093 - (4/(-6) + 10 + (-140)/42) a prime number?
False
Suppose 4*k = -4*n + 31256, n + 17134 = 4*k - 14147. Suppose 3*a + 7859 = 4*s, -4*s + a + k = 6*a. Is s a prime number?
False
Let t(y) be the first derivative of 181*y**3/3 + 7*y**2/2 + 11*y - 11. Is t(7) a prime number?
True
Suppose 64 = 19*d - 3*d. Let j be (d*(-7)/84)/(2/(-6)). Is j/(5/12315*3) composite?
False
Let i be (175/(-4))/((-19)/(-76)). Let d = i - 2586. Is d/(-2) - 3/(-2) a prime number?
False
Let o be ((-48)/54)/((-10)/45 + 0). Suppose -2*t + o*j + 214 = 0, -7*j + 6*j = -3. Is t a composite number?
False
Suppose -5*t = -10, 20 = -4*z + 9*t - 13*t. Suppose y - 1765 = -4*